)/3). Suppose 4*h - 3*u - s = -0*h, 2*u = 4*h - 18. What is the units digit of (h + (-20)/12)*75?
5
Let a(p) = -p - 26. Let b be a(-11). Let c = b + 26. What is the units digit of c?
1
Let b(c) = -23*c + 141. What is the units digit of b(5)?
6
Let z(g) = -g**2 - 50*g + 35. What is the units digit of z(-27)?
6
Suppose 0 = -142*u + 162*u - 45220. What is the thousands digit of u?
2
Suppose -55 = -5*r + f, -4*r + 30 = 4*f - 14. Suppose r*i = 258 + 897. What is the units digit of i?
5
Let k(y) = 2*y**2 + 2*y. Let u(x) = -x**3 - x**2 - x - 1. Let m be u(-2). Suppose m*g + 21 = 1. What is the tens digit of k(g)?
2
Let k(n) = n**3 - 10*n**2 - n + 14. Let b be k(10). Suppose -b*z + 33 = -171. What is the units digit of z?
1
Let p(z) = 9*z**2 - 13*z - 37. What is the hundreds digit of p(8)?
4
Let k(p) = 6*p**3 - 2*p**2 - 2*p - 1. Let x be k(-1). Let c(r) = -r**3 - 8*r**2 + r + 7. Let n be c(x). Let s = n - -85. What is the tens digit of s?
3
Let c be 4/14 - (-2)/(-7). Let v(j) = -15*j + 424. Let u be v(28). Suppose -4*m - u*d + 104 = c, 0*d + d = -2*m + 48. What is the units digit of m?
2
Let u(p) = 3*p**2 + 7*p - 16. Let h be u(-8). Suppose -h = 8*d - 696. What is the units digit of d?
2
Suppose -18 = 4*b - b + 3*h, 0 = 4*h + 12. What is the units digit of -1 - b - (-14 + -8)?
4
Suppose 3 = -t, 4*x + 2*t - 5*t = 29. Let j(n) = -n**3 + 7*n**2 + 7*n + 4. What is the units digit of j(x)?
9
Let a(p) = -7*p - 154. Let v be a(0). Let o = -62 - v. What is the units digit of o?
2
Let l = -4 - -4. Suppose -s - 9 = -3*n, l = 6*s - s - 15. Suppose 0 = -m - n*h + 22, 0*m - 5*h = -5*m - 15. What is the units digit of m?
2
Suppose 0 = 3*o - 4*o + 1. Let s = o - 7. Let h(d) = -d**3 - 7*d**2 - 5*d + 7. What is the units digit of h(s)?
1
What is the units digit of (1075/15)/((-1)/(-3))?
5
Let r(q) = 2*q**3 - 10*q**2 - q. Let n be r(7). Suppose -48 = -3*h + 3*m + n, 4*m + 148 = 2*h. What is the tens digit of h?
8
Suppose -5*y = -3*i - 0*y + 112, 4*i - 172 = y. Let f be ((-4)/12 + 0)*-9. Suppose -j + i = f*s, s - 28 + 11 = 2*j. What is the units digit of s?
5
What is the units digit of ((-1075)/(-15))/((-7)/(-42))?
0
Suppose 12*r - 3970 = 5726. What is the tens digit of r?
0
Let a(f) be the first derivative of -f**4/4 + 13*f**3/3 + 3*f**2/2 - 3*f - 3. What is the units digit of a(13)?
6
Let b(n) = n**3 + 11*n**2 - 2*n - 10. Let u be b(-11). Let q = -20 + u. Let h = q + 13. What is the units digit of h?
5
Suppose -72 = -3*b + 36. What is the units digit of b?
6
Let k(t) = 131*t + 140. What is the thousands digit of k(8)?
1
Suppose -8*k + 2849 + 551 = 0. What is the tens digit of k?
2
Let q be ((-8)/4)/(-2)*27. Let b = 62 - q. What is the units digit of b?
5
Suppose -5*c + 3024 = -3*c + 4*l, -3*c + 5*l + 4580 = 0. What is the tens digit of c?
2
Suppose 5*c - 330*r = -333*r + 12040, 4*r = 3*c - 7253. What is the units digit of c?
1
Let t = 16 + -26. Let q(k) = -k**3 - k**2 + 1. Let j(d) = 3*d**3 + 11*d**2 - 9*d + 5. Let o(v) = -j(v) - 2*q(v). What is the units digit of o(t)?
3
Suppose -3*g - q - 3*q + 313 = 0, 3*g - 5*q = 331. Let k = -47 + g. What is the units digit of k?
0
Let l be ((-4)/5)/((-52)/(-20) + -3). Let f(v) = 7*v**3 - 4*v**2 + 3*v - 1. What is the tens digit of f(l)?
4
Let r = -376 + 521. What is the tens digit of r?
4
Let k(h) = -h**2 + 14*h - 7. Let i be k(14). Let d be (-2 - i) + 4 + -3. Suppose 2*a + d = -l, 3*l - 1 = -l - 3*a. What is the units digit of l?
4
Let b = -53 - -241. What is the units digit of b?
8
Suppose 0 = 3*n - 41 - 16. Let a = n - 17. What is the units digit of (a - (-2)/(-2))*15?
5
Suppose 5*u + 30 = -0*u. Let t be 3/2*4/3. What is the units digit of (-42)/u + (0 - t)?
5
Let o(l) = -l**2 + 9*l + 5. Let q be o(9). Suppose -5*z - q*u = -365, 3*z + u - 235 = 6*u. Let w = z + -39. What is the units digit of w?
6
Suppose 4*l = -4*b - 40, -5*l - 4*b + 0*b = 52. What is the units digit of (-225)/l*(-72)/(-27)?
0
Suppose -894 = 11*a - 14*a. Suppose 3*w = 2*f + a, 0*f - 4*f = 4*w - 404. What is the hundreds digit of w?
1
Let g(z) = 3*z**2 - 7*z + 19. Let o be g(-8). What is the units digit of o/18 + (-5)/(-30) + 2?
7
Suppose -3*x + 3*q - 255 = 489, 0 = x + q + 246. What is the tens digit of 30/(-75) - x/5?
4
Let v = -335 - -946. What is the hundreds digit of v?
6
Let q = 14 + -11. Let c = q - 4. What is the units digit of c + -1 + 2 - -20?
0
Let n = -989 - -1027. What is the tens digit of n?
3
Let m(w) = 9*w - 4. Let a be m(-8). Let y = 236 + a. What is the units digit of y?
0
What is the hundreds digit of (-675758)/(-290) + (-9)/(-5)?
3
Let t be (-3)/(-2) + 6/12. Let c be (10 - -1) + 1*t. Suppose 15*j = c*j + 90. What is the tens digit of j?
4
Let q(p) be the third derivative of -p**6/120 - 3*p**5/20 - 11*p**4/24 - 2*p**3/3 - 3*p**2. Let m be q(-8). What is the units digit of m/(-15)*(-39)/2?
6
Let o(v) = v**3 - 7*v**2 + 7*v - 4. Let u be o(6). Suppose 0 = u*s + 3 - 7, c + 2*s - 91 = 0. Suppose 3*d = -0*d + c. What is the tens digit of d?
2
Let p(z) = -29*z - 27. Let t be p(-5). Suppose 1027 = 5*g - t. What is the tens digit of g?
2
Let y(f) be the third derivative of -f**6/120 - f**5/30 + f**4/12 + f**3/6 - 7*f**2. Let v(c) = c - 4. Let a be v(0). What is the tens digit of y(a)?
2
Let o(w) be the second derivative of -w**4/12 - 7*w**3/3 + w**2 - 2*w. What is the tens digit of o(-10)?
4
What is the tens digit of (0 - (-2 - -3))*-4 - -419?
2
What is the units digit of 3*(399 - (1 + 0 - 1))?
7
Suppose -d = -5*l + 1740, -2*l + 5*d + 300 = -373. Let x = 590 - l. What is the hundreds digit of x?
2
Let q(t) = -6*t**3 - t**2 + t + 1. Suppose -5 = -4*p + 7, 3*i - 2*p = -9. What is the units digit of q(i)?
5
Let h(n) be the first derivative of -65*n**2/2 + 5*n + 22. What is the hundreds digit of h(-2)?
1
Let a be ((-6)/(-1))/(27/(-18)). What is the units digit of a/22 + (-72)/(-33)?
2
Let s(m) = m**2 - 6*m + 4. Let x be s(6). Let o = x - 7. What is the units digit of ((-14)/4)/(o/18)?
1
Let g(n) be the third derivative of -61*n**5/120 + n**4/6 + n**3/3 + 9*n**2. Let r(c) be the first derivative of g(c). What is the units digit of r(-1)?
5
Let l be -2*1/(-2)*-61. Let r be (-2 - 316)/(-3) + 2. Let j = r + l. What is the units digit of j?
7
Let h = -373 + 1281. What is the units digit of h?
8
Let k(p) = -p**2 + 17*p - 15. Let z = -49 - -59. What is the units digit of k(z)?
5
Let i be 63/12 + (-1)/4. Suppose 10 = k - 4*y, -5*y + 145 = -k + i*k. What is the tens digit of k?
3
Suppose -15*j + 4*j + 297 = 0. Suppose 2*m - 3*z = -m, 0 = -4*z - 8. Let w = j - m. What is the tens digit of w?
2
Suppose -1180 = -8*i + 3*i. What is the tens digit of i?
3
Let l = 11430 - 7842. What is the units digit of l?
8
Let r be (-7 + -4)*-37 - 3. What is the tens digit of (-8)/10 - r/(-5)?
8
Suppose -2*o + 1570 = 5*r, -4*r + 938 = -r + 2*o. What is the hundreds digit of r?
3
Suppose 2*i = 4*x - 4, -3*x - 1 = -4. Suppose i = -4*w + c + 4, 0 = -4*w + 5*c + 1 - 13. What is the tens digit of (4 - -12)*1 + w?
1
Suppose 2*t - 3*l = 1261, -5*t + 161 = 4*l - 2957. What is the tens digit of t?
2
What is the units digit of (498 - 0)*(-5)/(-90)*9?
9
Let m be (-1)/(-2) - 28/(-8). Let b be 3731/26 + 2/m. Suppose b = z + z. What is the tens digit of z?
7
Let j(h) = 2*h**3 - 9*h**2 + 3*h + 4. Let q be j(6). What is the tens digit of (q/(-4))/(3/(-6))?
6
Let f = 95 + -48. Let g be 2/4 + f/2. Suppose 2*v - g = 14. What is the tens digit of v?
1
Let b(l) = l**2 - 3*l + 2. Let g be b(1). Let z = 36 + -31. Suppose s - 102 = -4*o + 83, g = -z*o + 2*s + 215. What is the units digit of o?
5
Let f(y) = y**2 - 10*y + 12. Let p be f(9). Let b be 1 + (1 - -5) - (-12)/(-4). Suppose -p*s + 0*z + 55 = 4*z, b*z + 23 = 3*s. What is the tens digit of s?
1
Suppose 0*q = q - 14. Suppose -3*j + q - 5 = 0. What is the units digit of (-43)/(-3) + j/(-9)?
4
Suppose -2*m = -3*m - 3*j + 39, 4*m - 3*j - 81 = 0. Let f = -11 + m. What is the tens digit of f?
1
Suppose 4*v - k - 64 = 0, 2*v - 2*k + 5*k = 32. What is the tens digit of v?
1
Suppose 12*z - 15549 = 10467. What is the units digit of z?
8
Suppose 5*g + a - 12531 = 0, -4*a + 15030 = 6*g - a. What is the thousands digit of g?
2
Suppose -4215 = 24*w - 16623. What is the units digit of w?
7
Let c(u) = -u**3 + 2*u**2 - 2. Let q be c(3). Let g = q - -15. Suppose